 7*i(f). Let d be (-1*8)/(-3 - -4). Let b be 2*(-3 - 36/d). Give k(b).
6
Let k(v) = -v**2 - 10*v - 11. Suppose -4*g + 3*n - 12 = 0, -16*n = -g - 19*n - 3. Give k(g).
10
Let x(d) = -d**3 + 10*d**2 + d - 2. Suppose -3*c = 14 - 44. Determine x(c).
8
Let u(f) = 24*f**2 + 40*f. Let b(l) = l**2 + l. Let p(w) = 40*b(w) - u(w). Suppose 40 = j + 41. What is p(j)?
16
Let i(a) = 0 - 4 - 14*a - 16*a + 29*a + 5. Suppose 2*y - 12 = b, 0*y + 3*y = -2*b + 25. What is i(y)?
-6
Let g(u) = u**3 + 14*u**2 - 13*u + 41. Let d be g(-15). Let k(b) = 1 + 11*b**2 - 11*b**3 - 2 + b - 15 + 10*b**3. What is k(d)?
-5
Let d be ((-4 - -4)/1)/(-1). Suppose d*t = g - t + 15, 4*g - 5*t + 64 = 0. Let c = g + 4. Let f(o) = -o**2 - 8*o - 3. What is f(c)?
4
Let c(n) be the first derivative of n**3/3 - 27*n**2/2 - 25*n + 839. Give c(28).
3
Let n(p) be the third derivative of p**4/24 + 4*p**3/3 + p**2. Let u = -3397 + 3393. What is n(u)?
4
Let f(w) be the first derivative of -w**2 - 6*w - 455. Calculate f(2).
-10
Let n(t) = -t**3 - 12*t**2 - 11*t - 15. Let a = -384 + 373. What is n(a)?
-15
Let w(p) = 6 + 5 - 7*p**2 - 7*p - 4 + 3 - p**3 - 1. Calculate w(-5).
-6
Let z(o) be the first derivative of o**5/60 - o**4/6 + o**3/6 + 21*o**2/2 + 16. Let r(d) be the second derivative of z(d). Give r(5).
6
Let n(u) = 23*u - 8. Let r(x) = 27*x - 7. Let p(z) = -7*n(z) + 6*r(z). Determine p(-5).
9
Let r(b) be the third derivative of -b**4/8 - b**3/6 + 16*b**2. Calculate r(4).
-13
Suppose 2*q - 4*s = 0, 3*q - 29*s + 6 = -26*s. Let u(h) = -h**3 - 2*h**2 + 4*h - 4. What is u(q)?
12
Let r(t) = -t - 5. Let w be r(-3). Let o(y) = y + 1. Let q(c) = 2 - 1 - 1 - 4 - 4*c. Let k(n) = -5*o(n) - q(n). Calculate k(w).
1
Suppose 29*f - 25*f - 28 = -4*h, -4 = 4*f. Let g(c) = c**3 - 9*c**2 + 8*c + 4. Calculate g(h).
4
Let o be 0*((-17)/(-4) + -4). Suppose c + 6 = 2*c - x, o = 4*c - 5*x - 28. Let t(j) = 2*j**3 - 4*j**2 + 2*j + 1. What is t(c)?
5
Let u be 2*(18/(-4))/3. Let f(k) = -135*k + 66*k + 70*k. Calculate f(u).
-3
Suppose 0 = -2*c + 3*c. Let u(y) = 32*y**2 + c*y + 3*y - 31*y**2 + y. Suppose -12 = m + 5*l, l = -2 - 0. Calculate u(m).
-4
Suppose -3 = 4*s - 7. Let f(x) = s - x**2 + 7*x**2 + 2*x**2 + 4*x**2. Let n be (1/(-1))/(-1 - 0). Give f(n).
13
Suppose 660 - 168 = 82*m. Let i(c) be the third derivative of 0*c - 1/60*c**5 + 1/3*c**3 + c**2 - 1/8*c**4 + 1/60*c**m + 0. Determine i(2).
8
Let a(o) = o**3 - 2*o**2 - 3. Let x(c) = -c**3 + c**2 + c + 3. Let h(k) = -4*a(k) - 5*x(k). Calculate h(-4).
1
Let q(k) = -5*k - 20. Let d be q(-6). Let a(w) = 29 - 8 + 4*w - 7 + w**3 - d - 6*w**2. Calculate a(5).
-1
Let n(t) be the third derivative of t**6/120 - 11*t**5/60 - 11*t**4/24 - 7*t**3/6 - 7*t**2. Let a be n(12). Let m(k) = -2*k - 3 + 4 - 3*k + k**2. Give m(a).
1
Let m(a) = -4*a**3 - a**2 + 4*a + 3. Let k = 132 - 134. What is m(k)?
23
Let b(y) be the first derivative of y**6/360 + y**5/15 - 2*y**3 - 18. Let f(q) be the third derivative of b(q). Determine f(-6).
-12
Let p(h) = 2*h**2 - 6*h - 5. Let g be p(4). Suppose -46*r = -43*r + g. Let d(f) = 20*f**2 + f. Give d(r).
19
Let q(o) be the third derivative of -o**5/60 + o**4/4 - o**3/3 - 3*o**2. Let x = -1038 + 1041. What is q(x)?
7
Let o(l) = l**2 - l - 1. Let z be -2*((-27)/(-21) - 2/7). Calculate o(z).
5
Suppose 13*p + 71 = -72. Let u(c) = c**3 + 11*c**2 - 2*c - 14. Calculate u(p).
8
Let s(w) = -w - 9. Let a(t) = -t**3 - 12*t**2 - 5*t + 58. Let u be a(-11). Give s(u).
-1
Let i be (-2190)/240 + (-2)/(-16). Let k(d) = d**2 + 10*d + 21. Determine k(i).
12
Let a(t) = 20*t**3 + 18*t**2 - 17*t - 36. Let z(q) = -7*q**3 - 6*q**2 + 6*q + 13. Let r(v) = -6*a(v) - 17*z(v). Let y be -2 - (-3 - -1) - 6. Determine r(y).
-5
Let j(b) = -17 - b**3 - b**2 + 32 + 0*b**2. Determine j(0).
15
Let n(v) be the first derivative of v**4/4 - 8*v**3/3 - 4*v**2 - 13*v - 50. Calculate n(9).
-4
Let a(v) = -v**2 + 1 + 2*v**2 + 17*v - 2*v**2 - 13*v. What is a(6)?
-11
Let j(m) = m**2 + m. Let g(t) = 4*t**2 - 3. Let h(x) = x**2 - 10*x + 7. Let v be h(8). Let u = v - -10. Let d(o) = u*g(o) - 3*j(o). Calculate d(3).
-3
Let x = 16 - 16. Suppose 0 = -x*c - 3*c + 9, 9 = -3*y + 5*c. Let q(d) be the second derivative of -d**3 + d**2/2 - 6*d. Give q(y).
-11
Let j(h) = -h**2 + 2 + 3*h**2 + 6*h - h**2. Suppose 0 = 2*n + v - 0*v + 3, -3*v = n - 11. Let w be j(n). Let g(r) = r**2 + 6*r - 3. What is g(w)?
-3
Let n(k) = -13*k**2 - 43*k + 42*k - 1 + 7*k**2. Calculate n(2).
-27
Let q be ((-12)/(-10))/(12/40). Let t(y) = -9*y - 3*y - 10*y + 3 + 21*y. Determine t(q).
-1
Let x(p) = -1. Let r(g) = -g + 1. Let i(u) = 3*r(u) + 4*x(u). Let m = 13 + -12. Give i(m).
-4
Let t(n) = -3*n + 42. Let g(z) = -30*z + 133. Let r be g(4). Give t(r).
3
Let q = 15 + -12. Suppose q*i - 4*z + 6 = 0, 2*z = -i - 0*z + 8. Let p(k) = k - 4 - i*k + 2*k. Determine p(-3).
-7
Let m(k) be the third derivative of k**5/60 - 13*k**4/24 + 3*k**3/2 + 197*k**2. What is m(12)?
-3
Let c(b) = b**3 - 8*b**2 - 101 + 7*b - 96 + 203. Give c(7).
6
Let h = 45 + 18. Let g be (-1 - 12/(-9))*h/3. Let v(f) = -f**2 + 5*f - 2. What is v(g)?
-16
Let w be (-3)/13 + 384/312. Let y(f) be the first derivative of f**2 - f - 1. Determine y(w).
1
Let m(j) = 3*j + 9. Let s be (-2)/(5 - (6 + -3)) - 3. Calculate m(s).
-3
Let i = 2662 - 2660. Let j(n) be the first derivative of 3/2*n**4 + 0*n**3 + 0*n**i + n - 1. Give j(-1).
-5
Let z(o) = -o**3 - o**2 + 4*o + 2. Let t = -38 - -19. Let d(j) = 7*j - 19. Let s be d(5). Let c = t + s. What is z(c)?
8
Let l = 0 + 4. Suppose 0 = 6*j - 5*j - 7. Let h(f) = 2 + 20*f - 15*f - j*f. Calculate h(l).
-6
Let b(l) = l**2 - 13*l - 2. Suppose 4*q = -27*q + 372. Determine b(q).
-14
Let t(k) = k**2 - k. Let l be (0/(-4))/(3 + -2). Let v be ((-12)/(-18))/((-6)/9 - l). Give t(v).
2
Let b(w) = -2*w - 18. Let d = 982 - 987. Determine b(d).
-8
Let q(l) = -2*l. Let f be q(1). Let g = 6 + f. Let s(k) = -k - 22 - 15 + 0*k + 34. What is s(g)?
-7
Let h(j) = 4 + 2703*j - 2*j**2 + 0 - 2700*j. Determine h(4).
-16
Let y(q) = 5*q + 4. Let n(f) = -f - 6. Let w(p) = -3. Let b(r) = 6*n(r) - 11*w(r). Suppose 5*v - 24 = 1. Let g(k) = v*y(k) + 4*b(k). What is g(-7)?
1
Let x(g) = 7*g**2 - g - 3754 + 3754. Let n(w) = 4*w + 43. Let d be n(-11). Determine x(d).
8
Let c be (6/(-2))/((-2)/22). Suppose -2*h + 0*x = 3*x - c, -4*x = h - 29. Let m be (-3)/(-18)*-4*h. Let p(u) = u + 6. Give p(m).
0
Let g(t) = -5*t**2 - 28 + 6 + 24 + 4*t**2 + 5*t. Determine g(7).
-12
Let y be ((-2)/9 - -3) + 2/9. Let p be (-1 + y)/((-13 - -7)/12). Let n(c) = c**3 + 3*c**2 - 5*c + 1. What is n(p)?
5
Let c(u) = u**2 - 10*u + 21. Suppose 4*r = 5*m + 18, -2*r + 8 = -0*r - 3*m. Give c(r).
0
Let k(c) = c + 10. Let s = 51 + -82. Let a = 43 + s. Suppose 4*j + a = 2*j. Calculate k(j).
4
Let z(i) = -2*i - 1. Let s(u) = u + 7. Let b be s(-4). Let t(k) = -10*k + b*k - 3 + k. Let p(v) = -2*t(v) + 7*z(v). What is p(2)?
-5
Let r(x) be the first derivative of 5*x**4 - x**3/3 + x**2/2 - x - 73. Give r(1).
19
Suppose 5*d + m = 3*d, -4*d + 12 = -m. Let b(t) = -4*t**2 - 22*t + 6. Let c(o) = -o**2 - 7*o + 2. Let g(a) = d*b(a) - 7*c(a). Determine g(3).
4
Suppose 0 = 4*v + r - 33, -12*r = -9*r - 15. Let s(i) = -7*i + 2. Give s(v).
-47
Let t(f) = -37*f - 1073. Let z be t(-29). Let w(n) = -n + 32. Determine w(z).
32
Let z(d) = 5*d**2 - 6*d + 7. Let o(y) = y**3 - y**2 + 2*y + 2. Let g(a) = -o(a) + z(a). Calculate g(3).
8
Let m = -2 + 11. Let n = -5 + m. Suppose 3*w = -n*u - 9, 2*w = 4*w + 4*u + 6. Let h(r) = -r - 3. Give h(w).
0
Let p(z) be the second derivative of z**4/6 + z**3/3 + z**2 + 2*z - 106. Determine p(0).
2
Let s(f) = f**2 + f + 3. Let c = -37 - -39. Let a be (-8)/(-12) + (8/6 - c). Determine s(a).
3
Let c(u) = -u**3 - 3*u**2 - 2. Let r be c(-3). Let h(w) be the first derivative of -w**4/4 + 2*w**2 + 3*w - 240. Calculate h(r).
3
Let g(m) be the third derivative of -m**6/120 + m**5/30 + 7*m**4/24 - 5*m**3/6 - m**2. Let y = -5 - -6. Let r be ((-36)/45)/(y/(-5)). Give g(r).
-9
Let j(h) = -h**3 + 3*h**2 + 5*h - 2. Let n(w) = -w + 5. Let b be n(2). Suppose f = -k + b, 4*f + k = -0*f + 15. Calculate j(f).
2
Let s(l) = 3*l**3 - 7*l**2 + 11*l - 21. Let a(y) = y**3 - 4*y**2 - 1. Let p(c) = 4*a(c) - s(c). Give p(10).
7
Let v(r) be the second derivative of -r**5/20 + r**4/3 + 7*r**3/6 + r**2 + 290*r. Give v(5).
12
Let t(d)